-21 - (0 - (1 - 2))
4
Calculate -118 + 124 + -26 + 5 + 0 + -3.
-18
Evaluate -16 - (5 + -16 + -4).
-1
Evaluate 13 + -17 + (-6 - 8) - 13.
-31
What is the value of (-24 - -2) + 24 + -16?
-14
What is the value of (-14 - (12 - 21)) + 2?
-3
Evaluate -2 + 8 + (12 - 7) + -10.
1
Evaluate -15 + 9 - (-5 - 10 - -8).
1
What is the value of (0 + (-2 - 1) - (-66 - -46)) + -6?
11
9 - (1 + 12) - 5
-9
What is the value of -5 + (6 - 0) + (-63 - -64) + -1?
1
Evaluate (-1 - (0 + 2 - 1)) + (-93 - -100).
5
Calculate 199 - 202 - (2 - 15).
10
-71 + 67 + (-1 - -8) - 19
-16
-4 - (-19 - (-21 - 7))
-13
4 - (4 - (10 - (-5 + 4)))
11
Evaluate -19 + -3 + (-2 - 0) + 9.
-15
Calculate -9 - (-4 - ((4 - 3) + (8 - 5))).
-1
What is -19 + (-5 + -6 - -5) + 4 + 7?
-14
Evaluate -5 - -5 - (-17 + 11 + (0 - 0)).
6
What is 3 + 4 + (-5 - 16 - 17)?
-31
(9 + -2 - (-19 + 22) - 0) + -12
-8
-7 + (7 - (-1 + 15) - -2 - 0)
-12
What is the value of -4 + (12 - -2 - (37 + -41))?
14
What is the value of -36 + (8 - 1) + -20 + 18?
-31
Calculate -3 + (7 - 1) + 0 - -3 - 26.
-20
Calculate 1 - -21 - (132 - 120).
10
Calculate (-9 - -17) + -19 - -11 - -8.
8
Evaluate 29 + -6 + -8 + -3 + -3.
9
What is the value of -16 - -12 - (-1 + -1 + -11)?
9
Calculate 11 - 3 - (-18 + 1 - -29) - -26.
22
What is (-38 - -12 - -12) + 41 + -5?
22
-1 + -5 + 3 - (-1 - (-13 + 25))
10
What is the value of -8 + -8 + 2 + 12?
-2
-1 + -3 + 40 + -95 + 38
-21
Calculate 21 + 5 + -35 - (-25 - 1).
17
What is 19 - (28 - 7 - 6)?
4
(7 - -17) + -19 - 7
-2
Evaluate -4 + -2 - (-79 - -88).
-15
What is the value of -25 - (-16 + -8 - 28)?
27
Calculate 71 + -66 + (-7 - (2 - 2)).
-2
What is the value of 24 - (24 - 8) - 1?
7
What is (-38 - -39) + (-10 - -3)?
-6
What is the value of 28 + -39 + (9 - 0)?
-2
Calculate -72 + -14 + 93 + -39.
-32
What is the value of -11 - (8 + 1 + -90 + 76)?
-6
(19 - 5) + (-1 - -12) + -9
16
Evaluate -1 + 30 - (1913 + -1878).
-6
What is the value of (-44 - -24) + 0 + 5 + 2?
-13
What is the value of 9 + (27 + -14 + 2 - 21)?
3
What is -9 - -1 - (17 + -11 - 20)?
6
What is the value of -7 + -20 + 42 + -7 + 1?
9
What is the value of (-36 - -34 - (-5 + -2)) + -6?
-1
What is the value of (6 + 15 - 29) + 1 + 3?
-4
What is 19 + -11 + -17 - (1 + -8)?
-2
What is the value of -1 + 0 + 27 + -35 + (-3 - 4)?
-16
Calculate -7 + 18 + (2 - 5) + -11.
-3
Calculate 9 - (27 - 35) - 30.
-13
-24 - ((0 - 24) + 17 + (3 - 1))
-19
Evaluate -5 + 15 - (-11 + 15 - (-1 + 3)).
8
Evaluate -8 + -29 + 45 + -24.
-16
What is the value of -3 - -1 - (-30 + -10 + 33)?
5
-11 + 7 - 6 - -12
2
What is -8 - (8 - (1 + 24)) - (-4 - 0)?
13
What is the value of 7 + (14 - (-5 + 21))?
5
What is 11 + -40 + 18 - -26?
15
What is the value of (4 - (-23 - -15)) + (-10 - -1)?
3
51 + -2 - 18 - 17
14
Calculate 2 - (-9 + 12 + (5 - 10)) - 18.
-14
Evaluate -14 - (1 + 1 - (-14 - (-17 + 3))).
-16
Evaluate -10 - (-24 - -28 - (-3 - 2)).
-19
What is -5 - (-2 - -7 - -1 - (6 + -2))?
-7
Calculate 16 - (9 + 12 + -11).
6
What is the value of -30 + 5 + (-21 - -34)?
-12
Evaluate 12 + 0 + (-30 - (-56 - -24)).
14
(-1 - 0) + -4 + 91 + -99
-13
What is -4 - (3 + 3 + -7 - 4)?
1
-29 + -16 + 35 + -2
-12
Calculate (1 - -35 - -2) + -35.
3
What is -13 + -11 + -11 + 17?
-18
What is -11 - (11 + -17 - -1)?
-6
Calculate -27 - (-40 - -42 - (3 + (-3 - -4))).
-25
Evaluate 12 - (1 + -8 + 1).
18
What is -7 - (-6 + (4 + 7 + 3 - 1))?
-14
Evaluate 0 - 6 - (-21 + 6 + (-2 - 22)).
33
Evaluate (-35 - -18) + (3 - 7).
-21
What is the value of -3 - (-6 + (-6 - (-13 - -2)) + 1)?
-3
What is the value of -13 + 12 + 15 + -17?
-3
-5 + -1 - (-84 + 78)
0
What is -14 - (-28 - -16) - (-6 + -2 + 3)?
3
(-10 - (-5 - 15)) + -35
-25
(-7 + -3 - (10 - 51)) + 7 + -10
28
What is the value of 11 + (40 - 69) + (-5 + 5 - -5)?
-13
What is (-37 - -54) + -10 - (-1 + 30)?
-22
What is the value of (53 + -30 - 4) + (2 + -6 - -1)?
16
What is -12 + 1 + 3 - (-155 - -148)?
-1
Calculate -117 + 43 + 25 + 38.
-11
Calculate 3 - (-2 - 5) - 19.
-9
Calculate (8 - (23 + 0 + (10 - 17))) + 8.
0
What is the value of (-3 - (2 - 11)) + 4?
10
-23 - (16 + (5 - 15) + (0 - 9))
-20
What is the value of (7 - -21) + (-45 - -42) + -4 + 1?
22
Calculate 22 + -39 + 28 + -17.
-6
11 + -2 + -5 + -3 + 1 + -1
1
Calculate 2 + -14 + 6 + (2 - 1).
-5
12 + (6 - -12 - (2 + -3))
31
-53 + 53 + (-3 - 0)
-3
Calculate -8 - (-155 + 162 - (15 - 1)).
-1
Evaluate -75 - 11 - -87 - (-2 - (8 + 1)).
12
-6 + 0 - (-19 - (1 + -20)) - 19
-25
Evaluate 12 - (12 + -11 + -4 - 1).
16
What is (3 - (18 - (12 + -2))) + -5?
-10
5 - (1 + 2 + 3 - (50 + -53))
-4
What is the value of (3 + 0 - (-1 + 13 + -3)) + -6?
-12
-9 - (33 - ((-1 - -18) + 68 + -77))
-34
(-9 - 21) + (72 - 13)
29
Calculate 78 + -71 + 0 + 2 + 1 + -11.
-1
What is the value of -24 - -9 - -3 - -10?
-2
0 + 0 + (7 - (-20 + 14)) + -9
4
Calculate -14 - -1 - (96 + -95).
-14
Evaluate (-12 + 9 - -16) + (0 + 2 - 3).
12
What is (-69 - 7) + 51 + -25 - (-1 + -10)?
-39
What is (-23 - -18 - 9) + 1 + 17?
4
Calculate -1 + 1 + -1 + (31 + -80 - -46).
-4
What is the value of (3 - 1 - 4 - -5) + 14?
17
-2 - 40 - (196 - 222)
-16
3 - (6 + -6 + -2) - 6 - -12
11
-2 + -2 + 2 - (92 + -91) - -2
-1
What is 14 - (-2 - (2 + 16) - (-278 - -266))?
22
-1 - -2 - (3 + 4) - (-23 - -7)
10
What is the value of (-7 + 13 + -4 - -1) + 4?
7
What is the value of -13 + 14 + -6 + 18 + -31?
-18
(5 + -12 - (1 + -5)) + (7 - 14)
-10
What is the value of 27 - (12 - -5 - -7)?
3
What is (7 - (-11 + (24 - -3))) + 10 + 0?
1
What is the value of 1299 + -1283 + -1 + -31?
-16
Evaluate 8 + 2 + -5 - (1 - (-2 - 6)).
-4
What is 19 + -4 + -5 - ((13 - 9) + -5)?
11
What is the value of -32 - -37 - (-4 - 2)?
11
Evaluate -1 - 14 - -15 - (5 - 3).
-2
13 - (30 + -10 + (-24 - -10))
7
What is 15 + (4 - (-5 - -11))?
13
What is the value of 43 + -29 - (-8 - -3)?
19
1 + -13 + 22 - (-9 - -25)
-6
Evaluate (-2 - 10) + 8 + -5 + -7 + -1.
-17
(3 - -6) + (-100 - -94)
3
Calculate 50 + -30 + -2 - 22.
-4
What is the value of -8 + 9 + 8 + (12 - -1) + -6?
16
Evaluate 14 + -13 + -1 + -7 + 6.
-1
What is 8 + (1 + -11 + 1 - -10) - 39?
-30
Evaluate 10 + -9 - (2 - 6 - (-5 + -1)).
-1
What is the value of 2 + (-10 - (-11 + -6) - (28 - 4))?
-15
What is the value of -131 - -124 - ((2 - -1) + -7)?
-3
Evaluate 5 - (11 - (-3 + (-7 + 7 - -5))).
-4
What is the value of -5 - (-47 + 43 + (0 - -18) + -2)?
-17
What is the value of 4 - ((18 - 1) + -7) - -11?
5
What is the value of (-4 - 24) + (20 - 12 - -4)?
-16
What is (7 - (1 + (-3 - 4) + -1)) + 0?
14
What is 0 + 6 + 1 + (-15 - 9) + 16?
-1
What is (2 - (-4 - -8 - 0)) + 0?
-2
Calculate (-2 + 0 - 1) + 9.
6
What is the value of 2 + 5 + (-2 - (6 - (8 + 11)))?
18
Evaluate -20 - (19 - 50 - -21).
-10
Calculate -9 - ((2 - (12 - (5 + 4))) + 33).
-41
What is the value of 19 + -36 + 7 - 2?
-12
What is (-2 - (0 - 8)) + 2 + -2 + -9?
-3
Evaluate 9 + -11 + -6 - (4 - (14 - -7)).
9
Calculate 15 + (3 - 10) - (14 - 13).
7
Calculate -1 + (6 + (2 - -7) - (3 + -4)).
15
What is the value of 38 + (5 - 7) - (9 - -3)?
24
Evaluate -2 + 2 - (-3 - 2 - (-13 + 8)).
0
Calculate -9 + 10 - (-5 - 2).
8
What is 0 + (17 - 11) + -1 + -3 - 7?
-5
2 - -3 - ((20 - 22) + -2) - -13
22
Evaluate -7 - ((6 - 3) + -16 + 7).
-1
Evaluate 12 - (4 + (-3 - (-7 + 7))).
11
-298 + 293 - (5 - (-3 - -1))
-12
Calculate -2 + (-2 - 5) + -1.
-10
What is the value of 3 + -25 - (19 + -26)?
-15
Calculate 0 + 4 + 18 - (6 - 22 - -23).
15
What is (18 - 18) + -13 - (-20 - 3)?
10
Calculate 3 + -8 + 1 + (13 - (-2 + 7)).
4
-368 + 351 + (4 - (-1 + 1))
-13
What is 24 + -49 + 29 - 19?
-15
(-3 + -3 - -14) + 6 + 5 + -12
7
What is the value of -18 + -10 + (-16 - -32) + (-3 - -1)?
-14
1 + 8 - (183 - 170)
-4
What is 6 + -4 + -7 - ((13 - -3) + -4)?
-17
What is 0 - (-10 - 2 - 4)?
16
Evaluate 11 + 10 + -8 + 0.
13
What is the value of 7 + -2 + 1 + 0 + 8 + -12?
2
Evaluate 15 - -12 - (-5 + 3) - 7.
22
What is the value of -14 - (14 + (12 - 35))?
-5
Calculate -5 - 14 - -13 - (-35 + 5 + -2).
26
What is the value of -28 - (-8 + 37 + -37)?
-20
(55 - 56) + 6 + -6 + 2 + 4
5
What is (-4 - -14) + (34 - 38)?
6
Evaluate -3 + (9 - 8) + 6 + 12.
16
Calculate -12 + (7 + 9 - 5) + -9.
-10
What is the value of (-6 - 0) + -200 + 180?
-26
What is the value of (-1 - -21) + (11 - (21 + -22 - -13))?
19
Evaluate -17 - -14 - (-1 - (-4 + 5 - 4)).
-5
What is -19 + 15 + 4 + 7?
7
What is the value of (4 + -2 - -14) + -26 +